2 a multiple of 56?
True
Is 1309917 a multiple of 201?
True
Is 2741317790 a multiple of 3013?
True
Does 761 divide 91041779?
False
Is 393719832 a multiple of 8?
True
Does 4 divide 6705704?
True
Does 1098 divide 16297614?
True
Does 16 divide 174722554?
False
Is 79 a factor of 161255288?
False
Is 14742564 a multiple of 9?
False
Does 31 divide 117826381?
True
Does 149 divide 314356326?
True
Is 36548240 a multiple of 3?
False
Is 1267492200 a multiple of 20?
True
Is 93243972 a multiple of 97?
False
Is 15 a factor of 75139210?
False
Does 86 divide 419612232?
True
Is 92 a factor of 36480143?
False
Is 235199590 a multiple of 170?
True
Does 107 divide 46652963?
True
Is 1161821867 a multiple of 5539?
True
Does 1079 divide 18666880?
False
Is 18 a factor of 16475040?
True
Does 563 divide 36973662?
False
Is 4628395 a multiple of 18?
False
Is 1936227768 a multiple of 2361?
True
Is 2645523088 a multiple of 481?
True
Does 3 divide 14952035?
False
Is 1647 a factor of 5997475?
False
Is 34165357 a multiple of 220?
False
Does 55 divide 725013685?
True
Is 4 a factor of 284381020?
True
Does 1151 divide 404809002?
True
Is 4996369 a multiple of 10?
False
Is 540 a factor of 30538329?
False
Is 377930323 a multiple of 1325?
False
Is 18 a factor of 226612331?
False
Is 24806220 a multiple of 442?
False
Is 110 a factor of 393091060?
False
Does 9 divide 27873405?
True
Is 888 a factor of 459843257?
False
Is 33659190 a multiple of 352?
False
Is 2450 a factor of 327457200?
True
Is 12 a factor of 5177551?
False
Is 7 a factor of 124799190?
False
Is 4165 a factor of 16131045?
True
Does 35 divide 5753090?
True
Does 667 divide 2145944436?
True
Does 9 divide 368544582?
True
Is 605474109 a multiple of 603?
True
Does 6 divide 279023868?
True
Does 1214 divide 134507558?
True
Does 55 divide 5338575?
True
Does 3 divide 67278782?
False
Is 667 a factor of 6153003631?
True
Is 40437855 a multiple of 18?
False
Does 92 divide 32763868?
True
Is 741 a factor of 3493849132?
False
Is 43491694 a multiple of 53?
True
Does 11 divide 3550080?
False
Is 655 a factor of 156623903?
False
Is 19131061 a multiple of 2288?
False
Does 4 divide 234603842?
False
Is 138648585 a multiple of 15?
True
Does 2728 divide 9452520?
True
Does 72 divide 35097192?
True
Does 519 divide 3911412224?
False
Is 71785560 a multiple of 2285?
True
Does 564 divide 33011312?
False
Does 9 divide 89045559?
True
Is 49 a factor of 154054922?
True
Is 234 a factor of 6202768074?
False
Is 362 a factor of 67516258?
True
Is 5150124 a multiple of 84?
True
Does 331 divide 1517583?
False
Does 54 divide 1431752611?
False
Is 9277485 a multiple of 593?
True
Is 9 a factor of 31858630?
False
Is 414 a factor of 140665608?
True
Is 40474960 a multiple of 1360?
True
Is 569 a factor of 575087354?
False
Is 41 a factor of 79107942?
True
Does 87 divide 290140608?
False
Is 247951484 a multiple of 11?
True
Is 11 a factor of 97416396?
True
Is 9 a factor of 5783193?
True
Is 34 a factor of 1384517?
False
Is 1323140276 a multiple of 4810?
False
Is 15 a factor of 1541671784?
False
Is 478 a factor of 1606032632?
False
Does 50 divide 137199281?
False
Is 1287679822 a multiple of 1573?
True
Does 3080 divide 555089664?
False
Is 27 a factor of 1310143005?
True
Is 56 a factor of 388901535?
False
Does 2 divide 884692?
True
Does 11490 divide 751262160?
True
Does 5 divide 88156180?
True
Is 17 a factor of 87333318?
True
Is 76130442 a multiple of 336?
False
Is 2144 a factor of 60087027?
False
Does 3525 divide 78857912?
False
Is 408 a factor of 205879656?
True
Does 226 divide 5528856?
False
Is 341226316 a multiple of 772?
True
Does 203 divide 22538126?
False
Is 349468224 a multiple of 28?
True
Is 788028748 a multiple of 1139?
False
Does 4 divide 69331803?
False
Is 37460864 a multiple of 1610?
False
Does 116 divide 32910519?
False
Is 9 a factor of 104714806?
False
Is 10379808 a multiple of 96?
True
Is 24800943 a multiple of 473?
False
Is 137 a factor of 7564866?
True
Does 1826 divide 2607920590?
True
Is 34 a factor of 9344296?
False
Is 103139805 a multiple of 2?
False
Does 34 divide 31090688?
True
Does 1389 divide 24296388?
True
Does 256 divide 16315904?
True
Is 51 a factor of 1606663945?
False
Is 736147348 a multiple of 9827?
False
Does 114 divide 459379901?
False
Does 4616 divide 254830896?
True
Is 3256546324 a multiple of 9?
False
Is 1990168 a multiple of 67?
True
Is 95752400 a multiple of 380?
True
Does 202 divide 482891908?
True
Does 431 divide 831820996?
False
Does 1406 divide 750486244?
True
Does 21 divide 91120037?
False
Does 249 divide 30875690?
False
Is 147 a factor of 9024701?
False
Does 347 divide 464468175?
True
Does 2175 divide 3511926825?
True
Is 260 a factor of 19600880?
True
Is 372665153 a multiple of 59?
False
Does 1901 divide 49557175?
False
Is 63958140 a multiple of 30?
True
Does 4675 divide 1124836044?
False
Does 96 divide 203349888?
True
Is 18392286 a multiple of 34?
False
Does 3201 divide 4661080?
False
Does 8 divide 339025328?
True
Is 220575315 a multiple of 555?
True
Is 132083627 a multiple of 2119?
True
Does 43 divide 179331242?
True
Is 45 a factor of 30775647?
False
Is 413 a factor of 611052911?
True
Is 13734630 a multiple of 1170?
True
Is 350523272 a multiple of 3908?
False
Is 268964346 a multiple of 9510?
False
Is 242301012 a multiple of 37?
True
Is 376 a factor of 2955736?
True
Is 4172 a factor of 632281830?
False
Does 18 divide 90087134?
False
Is 406 a factor of 735139?
False
Does 40 divide 1952786474?
False
Does 19 divide 2278690482?
True
Does 103 divide 9819810?
False
Is 43 a factor of 164933724?
True
Is 126 a factor of 114186019?
False
Does 22 divide 79557853?
False
Does 527 divide 21982873?
False
Is 2842 a factor of 228553640?
True
Does 2 divide 519970?
True
Is 1888 a factor of 261426131?
False
Is 2146 a factor of 23766950?
True
Is 69475554 a multiple of 6?
True
Is 683 a factor of 1372524699?
True
Is 42 a factor of 2242398228?
True
Does 460 divide 46448040?
True
Does 12 divide 18917331?
False
Is 146 a factor of 50519942?
True
Is 136 a factor of 992755936?
True
Does 12 divide 1950460656?
True
Does 4 divide 30408281?
False
Does 156 divide 25297920?
False
Does 14 divide 313572546?
True
Does 13 divide 193629319?
True
Is 138 a factor of 16158045?
False
Is 4421513 a multiple of 17?
True
Is 488 a factor of 673944772?
False
Does 54 divide 13205386?
False
Is 1625 a factor of 2956297500?
True
Is 204 a factor of 2673889028?
False
Does 168 divide 1299337074?
False
Is 35667112 a multiple of 74?
True
Does 16 divide 152710592?
True
Is 956 a factor of 46252370?
False
Does 461 divide 90250112?
False
Does 16 divide 39376432?
True
Is 3467 a factor of 1027733211?
True
Is 532 a factor of 48822172?
True
Does 373 divide 7940424?
True
Is 276700816 a multiple of 956?
True
Does 133 divide 101284715?
False
Is 436 a factor of 4508097040?
False
Is 848 a factor of 1432847852?
False
Is 1840 a factor of 195726320?
True
Is 105258049 a multiple of 607?
True
Is 110 a factor of 3365214?
False
Does 37 divide 133463004?
False
Does 71 divide 26899841?
True
Is 2 a factor of 2823950?
True
Is 948 a factor of 15693192?
True
Is 44 a factor of 53222762?
False
Is 32 a factor of 15172857?
False
Is 922 a factor of 1404206?
True
Does 27 divide 10755477?
True
Is 12308660 a multiple of 2253?
False
Is 8753238 a multiple of 18?
True
Is 705255138 a multiple of 882?
True
Does 3491 divide 270548775?
False
Is 396434439 a multiple of 495?
False
Does 3 divide 442049982?
True
Is 335 a factor of 1843104675?
True
Is 247 a factor of 63468436?
False
Does 5974 divide 1800804039?
False
Is 236740192 a multiple of 2?
True
Does 221 divide 253567002?
True
Does 20 divide 122590806?
False
Does 13 divide 2871110?
False
Is 156 a factor of 26009914?
False
Is 19 a factor of 372967644?
True
Does 505 divide 2579868353?
False
Is 765972120 a multiple of 3890?
True
Does 43 divide 726694803?
False
Is 43893444 a multiple of 42?
True
Does 17 divide 451904801?
False
Does 210 divide 17129946?
False
Is 438994804 a multiple of 4?
True
Is 365 a factor of 2760130?
True
Is 39 a factor of 187993962?
True
Is 7087450 a multiple of 10?
True
Is 148470214 a multiple of 468?
False
Is 632 a factor of 74218194?
False
Is 48662670 a multiple of 317?
True
Does 109 divide 1762203?
True
Does 9 divide 2930868417?
False
Is 33915798 a multiple of